98.
2, 4799
What are the prime factors of 1120?
2, 5, 7
List the prime factors of 1123.
1123
What are the prime factors of 12712?
2, 7, 227
What are the prime factors of 3762?
2, 3, 11, 19
List the prime factors of 15656.
2, 19, 103
List the prime factors of 4090.
2, 5, 409
What are the prime factors of 74535?
3, 5, 4969
What are the prime factors of 46249?
7, 6607
What are the prime factors of 2594?
2, 1297
What are the prime factors of 45107?
43, 1049
List the prime factors of 438.
2, 3, 73
List the prime factors of 29245.
5, 5849
List the prime factors of 973.
7, 139
List the prime factors of 5717.
5717
List the prime factors of 7952.
2, 7, 71
List the prime factors of 5319.
3, 197
List the prime factors of 21691.
109, 199
List the prime factors of 133727.
11, 12157
List the prime factors of 30682.
2, 23, 29
List the prime factors of 6525.
3, 5, 29
What are the prime factors of 38636?
2, 13, 743
What are the prime factors of 112203?
3, 7, 13, 137
List the prime factors of 38205.
3, 5, 283
What are the prime factors of 43123?
29, 1487
What are the prime factors of 793?
13, 61
What are the prime factors of 92045?
5, 41, 449
List the prime factors of 640.
2, 5
List the prime factors of 4229.
4229
List the prime factors of 1224.
2, 3, 17
List the prime factors of 61.
61
List the prime factors of 8061.
3, 2687
List the prime factors of 37245.
3, 5, 13, 191
What are the prime factors of 79397?
79397
What are the prime factors of 32069?
32069
List the prime factors of 8962.
2, 4481
What are the prime factors of 116030?
2, 5, 41, 283
What are the prime factors of 11557?
7, 13, 127
List the prime factors of 6211.
6211
List the prime factors of 2672.
2, 167
What are the prime factors of 12687?
3, 4229
What are the prime factors of 13977?
3, 1553
List the prime factors of 3908.
2, 977
List the prime factors of 24088.
2, 3011
What are the prime factors of 135182?
2, 257, 263
What are the prime factors of 40535?
5, 11, 67
List the prime factors of 130424.
2, 7, 17, 137
List the prime factors of 14598.
2, 3, 811
What are the prime factors of 30?
2, 3, 5
List the prime factors of 178022.
2, 13, 41, 167
What are the prime factors of 1782?
2, 3, 11
What are the prime factors of 1011?
3, 337
What are the prime factors of 17976?
2, 3, 7, 107
List the prime factors of 59447.
59447
List the prime factors of 40642.
2, 7, 2903
What are the prime factors of 32108?
2, 23, 349
List the prime factors of 25433.
29, 877
What are the prime factors of 412?
2, 103
What are the prime factors of 544?
2, 17
What are the prime factors of 716?
2, 179
List the prime factors of 502.
2, 251
What are the prime factors of 50203?
61, 823
What are the prime factors of 34647?
3, 11549
What are the prime factors of 14925?
3, 5, 199
List the prime factors of 1046.
2, 523
List the prime factors of 25925.
5, 17, 61
What are the prime factors of 1106?
2, 7, 79
List the prime factors of 2927.
2927
List the prime factors of 167.
167
What are the prime factors of 112892?
2, 13, 167
What are the prime factors of 3880?
2, 5, 97
List the prime factors of 869.
11, 79
What are the prime factors of 63?
3, 7
List the prime factors of 1169.
7, 167
What are the prime factors of 27986?
2, 7, 1999
List the prime factors of 6976.
2, 109
List the prime factors of 1373.
1373
What are the prime factors of 4920?
2, 3, 5, 41
What are the prime factors of 105600?
2, 3, 5, 11
List the prime factors of 58178.
2, 19, 1531
List the prime factors of 40851.
3, 17, 89
List the prime factors of 64464.
2, 3, 17, 79
List the prime factors of 1757.
7, 251
List the prime factors of 3216.
2, 3, 67
What are the prime factors of 2047?
23, 89
List the prime factors of 3003.
3, 7, 11, 13
List the prime factors of 2816.
2, 11
What are the prime factors of 290?
2, 5, 29
List the prime factors of 7194.
2, 3, 11, 109
List the prime factors of 1814.
2, 907
List the prime factors of 14027.
13, 83
What are the prime factors of 22086?
2, 3, 409
What are the prime factors of 23152?
2, 1447
List the prime factors of 1099.
7, 157
List the prime factors of 3527.
3527
List the prime factors of 2878.
2, 1439
List the prime factors of 99586.
2, 17, 29, 101
List the prime factors of 783.
3, 29
What are the prime factors of 261?
3, 29
What are the prime factors of 2603?
19, 137
List the prime factors of 6940.
2, 5, 347
What are the prime factors of 965?
5, 193
What are the prime factors of 822?
2, 3, 137
What are the prime factors of 165?
3, 5, 11
List the prime factors of 7681.
7681
What are the prime factors of 34514?
2, 17257
What are the prime factors of 21050?
2, 5, 421
List the prime factors of 15740.
2, 5, 787
List the prime factors of 2242.
2, 19, 59
List the prime factors of 28372.
2, 41, 173
List the prime factors of 106748.
2, 26687
List the prime factors of 22164.
2, 3, 1847
List the prime factors of 18763.
29, 647
What are the prime factors of 3999?
3, 31, 43
What are the prime factors of 67?
67
What are the prime factors of 346?
2, 173
List the prime factors of 951.
3, 317
List the prime factors of 36381.
3, 67, 181
List the prime factors of 75145.
5, 7, 19, 113
What are the prime factors of 1069?
1069
List the prime factors of 79829.
79829
What are the prime factors of 1206?
2, 3, 67
List the prime factors of 8980.
2, 5, 449
List the prime factors of 1126.
2, 563
What are the prime factors of 2197?
13
List the prime factors of 13295.
5, 2659
What are the prime factors of 25844?
2, 7, 13, 71
List the prime factors of 29800.
2, 5, 149
List the prime factors of 98355.
3, 5, 79, 83
List the prime factors of 12907.
12907
What are the prime factors of 21216?
2, 3, 13, 17
What are the prime factors of 1486?
2, 743
What are the prime factors of 3709?
3709
List the prime factors of 540.
2, 3, 5
List the prime factors of 13995.
3, 5, 311
What are the prime factors of 2527?
7, 19
What are the prime factors of 895?
5, 179
List the prime factors of 4012.
2, 17, 59
List the prime factors of 13276.
2, 3319
What are the prime factors of 5210?
2, 5, 521
What are the prime factors of 1128?
2, 3, 47
What are the prime factors of 25746?
2, 3, 7, 613
List the prime factors of 227.
227
List the prime factors of 79980.
2, 3, 5, 31, 43
What are the prime factors of 16780?
2, 5, 839
List the prime factors of 650.
2, 5, 13
List the prime factors of 1961.
37, 53
What are the prime factors of 19236?
2, 3, 7, 229
What are the prime factors of 3330?
2, 3, 5, 37
What are the prime factors of 6074?
2, 3037
What are the prime factors of 13233?
3, 11, 401
List the prime factors of 9468.
2, 3, 263
What are the prime factors of 108?
2, 3
What are the prime factors of 18758?
2, 83, 113
List the prime factors of 160936.
2, 20117
List the prime factors of 37816.
2, 29, 163
What are the prime factors of 1825?
5, 73
What are the prime factors of 12533?
83, 151
What are the prime factors of 1514?
2, 757
List the prime factors of 27953.
27953
List the prime factors of 2918.
2, 1459
List the prime factors of 4231.
4231
List the prime factors of 173.
173
List the prime factors of 38504.
2, 4813
List the prime factors of 1376.
2, 43
List the prime factors of 4467.
3, 1489
What are the prime factors of 46381?
46381
List the prime factors of 19209.
3, 19, 337
List the prime factors of 4217.
4217
What are the prime factors of 6998?
2, 3499
List the prime factors of 34.
2, 17
What are the prime factors of 2086?
2, 7, 149
What are the prime factors of 864?
2, 3
What are the prime factors of 9806?
2, 4903
List the prime factors of 3596.
2, 29, 31
List the prime factors of 18941.
13, 31, 47
What are the prime factors of 413?
7, 59
List the prime factors of 8669.
8669
What are the prime factors of 5796?
2, 3, 7, 23
List the prime factors of 7687.
7687
List the prime factors of 563.
563
List the prime factors of 1020.
2, 3, 5, 17
List the prime factors of 75780.
2, 3, 5, 421
What are the prime factors of 32101?
47, 683
What are the prime factors of 1331?
11
What are the prime factors of 52839?
3, 19, 103
What are the prime factors of 84612?
2, 3, 11, 641
List the prime factors of 9183.
3, 3061
What are the prime factors of 207?
3, 23
What are the prime factors of 86772?
2, 3, 7, 1033
List the prime factors of 12500.
2, 5
What are the prime factors of 8687?
7, 17, 73
List the pr